{"id":654,"date":"2021-04-12T11:24:10","date_gmt":"2021-04-12T09:24:10","guid":{"rendered":"http:\/\/massifsonore.eu\/?page_id=654"},"modified":"2025-03-16T17:39:35","modified_gmt":"2025-03-16T16:39:35","slug":"accueil-krysalide","status":"publish","type":"page","link":"https:\/\/krysalide.net\/","title":{"rendered":"Accueil"},"content":{"rendered":"\t\t<div data-elementor-type=\"wp-page\" data-elementor-id=\"654\" class=\"elementor elementor-654\">\n\t\t\t\t\t\t\t\t\t<section class=\"elementor-section elementor-top-section elementor-element elementor-element-894a046 elementor-section-boxed elementor-section-height-default elementor-section-height-default\" data-id=\"894a046\" data-element_type=\"section\">\n\t\t\t\t\t\t<div class=\"elementor-container elementor-column-gap-default\">\n\t\t\t\t\t<div class=\"elementor-column elementor-col-100 elementor-top-column elementor-element elementor-element-f9b5c2f\" data-id=\"f9b5c2f\" data-element_type=\"column\">\n\t\t\t<div class=\"elementor-widget-wrap elementor-element-populated\">\n\t\t\t\t\t\t\t\t<div class=\"elementor-element elementor-element-4808fe6 elementor-widget elementor-widget-heading\" data-id=\"4808fe6\" data-element_type=\"widget\" data-widget_type=\"heading.default\">\n\t\t\t\t<div class=\"elementor-widget-container\">\n\t\t\t<h1 class=\"elementor-heading-title elementor-size-default\">Krysalide<\/h1>\t\t<\/div>\n\t\t\t\t<\/div>\n\t\t\t\t\t<\/div>\n\t\t<\/div>\n\t\t\t\t\t\t\t<\/div>\n\t\t<\/section>\n\t\t\t\t<section class=\"elementor-section elementor-top-section elementor-element elementor-element-f840fa2 elementor-section-boxed elementor-section-height-default elementor-section-height-default\" data-id=\"f840fa2\" data-element_type=\"section\" data-settings=\"{&quot;background_background&quot;:&quot;classic&quot;}\">\n\t\t\t\t\t\t\t<div class=\"elementor-background-overlay\"><\/div>\n\t\t\t\t\t\t\t<div class=\"elementor-container elementor-column-gap-default\">\n\t\t\t\t\t<div class=\"elementor-column elementor-col-100 elementor-top-column elementor-element elementor-element-db78798\" data-id=\"db78798\" data-element_type=\"column\">\n\t\t\t<div class=\"elementor-widget-wrap elementor-element-populated\">\n\t\t\t\t\t\t\t\t<div class=\"elementor-element elementor-element-d2fd987 elementor-widget elementor-widget-text-editor\" data-id=\"d2fd987\" data-element_type=\"widget\" data-widget_type=\"text-editor.default\">\n\t\t\t\t<div class=\"elementor-widget-container\">\n\t\t\t\t\t\t\t<p style=\"text-align: center;\">Les Ateliers Krysalide c&rsquo;est le chemin d\u2019un envol mouvement\u00e9 accompagn\u00e9<\/p><p style=\"text-align: center;\">par Karine Jamet Danse Th\u00e9rapeute.<\/p><p style=\"text-align: center;\">Les Ateliers Krysalide propose des espaces temps pour explorer le mouvement, la danse, la vie.<br \/>Un cocon adapt\u00e9 \u00e0 nos besoins pour s\u2019\u00e9veiller, se transformer puis se d\u00e9ployer&#8230;<\/p><p style=\"text-align: center;\">Karine accompagne et aide, par le biais de la Danse et la Danse Th\u00e9rapie, les personnes \u00e0<br \/>aller vers un bel \u00e9panouissement, un mieux-\u00eatre et \u00e0 prendre leur envol gr\u00e2ce au<br \/>d\u00e9ploiement et l\u2019affirmation de leurs personnalit\u00e9s \u00e0 travers leurs histoires singuli\u00e8res.<\/p><p style=\"text-align: center;\">En tant qu\u2019ancienne danseuse et chor\u00e9graphe Karine m\u00e8ne encore et toujours, des projets artistiques et culturels en danse contemporaine aupr\u00e8s de diff\u00e9rents publics<\/p><p style=\"text-align: center;\">(associations\/scolaire\/petite enfance).<\/p><p style=\"text-align: center;\">\u00ab La Pens\u00e9e est crysalide, La Danse est papillon \u00bb<\/p><p style=\"text-align: center;\">Jean-Philippe Robidoux<\/p>\t\t\t\t\t\t<\/div>\n\t\t\t\t<\/div>\n\t\t\t\t\t<\/div>\n\t\t<\/div>\n\t\t\t\t\t\t\t<\/div>\n\t\t<\/section>\n\t\t\t\t\t\t\t<\/div>\n\t\t","protected":false},"excerpt":{"rendered":"<p>Krysalide Les Ateliers Krysalide c&rsquo;est le chemin d\u2019un envol mouvement\u00e9 accompagn\u00e9 par Karine Jamet Danse Th\u00e9rapeute. Les Ateliers Krysalide propose<\/p>\n","protected":false},"author":1,"featured_media":2400,"parent":0,"menu_order":0,"comment_status":"closed","ping_status":"closed","template":"elementor_header_footer","meta":[],"yoast_head":"<!-- This site is optimized with the Yoast SEO plugin v17.4 - https:\/\/yoast.com\/wordpress\/plugins\/seo\/ -->\n<title>Accueil - Krysalide - Danse Th\u00e9rapie Poitiers<\/title>\n<meta name=\"description\" content=\"Krysalide est le chemin d\u2019un envol mouvement\u00e9 accompagn\u00e9 par Karine Jamet. Krysalide propose un espace temps pour explorer le mouvement, la danse, la vie.\" \/>\n<meta name=\"robots\" content=\"index, follow, max-snippet:-1, max-image-preview:large, max-video-preview:-1\" \/>\n<link rel=\"canonical\" href=\"http:\/\/krysalide.net\/\" \/>\n<meta property=\"og:locale\" content=\"fr_FR\" \/>\n<meta property=\"og:type\" content=\"article\" \/>\n<meta property=\"og:title\" content=\"Accueil - Krysalide - Danse Th\u00e9rapie Poitiers\" \/>\n<meta property=\"og:description\" content=\"Krysalide est le chemin d\u2019un envol mouvement\u00e9 accompagn\u00e9 par Karine Jamet. Krysalide propose un espace temps pour explorer le mouvement, la danse, la vie.\" \/>\n<meta property=\"og:url\" content=\"http:\/\/krysalide.net\/\" \/>\n<meta property=\"og:site_name\" content=\"Krysalide - Danse Th\u00e9rapie Poitiers\" \/>\n<meta property=\"article:modified_time\" content=\"2025-03-16T16:39:35+00:00\" \/>\n<meta property=\"og:image\" content=\"http:\/\/krysalide.net\/wp-content\/uploads\/2022\/08\/papillon-sabatte.jpg\" \/>\n\t<meta property=\"og:image:width\" content=\"720\" \/>\n\t<meta property=\"og:image:height\" content=\"360\" \/>\n<meta name=\"twitter:card\" content=\"summary_large_image\" \/>\n<meta name=\"twitter:label1\" content=\"Dur\u00e9e de lecture est.\" \/>\n\t<meta name=\"twitter:data1\" content=\"1 minute\" \/>\n<script type=\"application\/ld+json\" class=\"yoast-schema-graph\">{\"@context\":\"https:\/\/schema.org\",\"@graph\":[{\"@type\":\"Organization\",\"@id\":\"http:\/\/krysalide.net\/#organization\",\"name\":\"Krysalide\",\"url\":\"http:\/\/krysalide.net\/\",\"sameAs\":[],\"logo\":{\"@type\":\"ImageObject\",\"@id\":\"http:\/\/krysalide.net\/#logo\",\"inLanguage\":\"fr-FR\",\"url\":\"http:\/\/krysalide.net\/wp-content\/uploads\/2021\/10\/cropped-logoWeb100-1.png\",\"contentUrl\":\"http:\/\/krysalide.net\/wp-content\/uploads\/2021\/10\/cropped-logoWeb100-1.png\",\"width\":231,\"height\":100,\"caption\":\"Krysalide\"},\"image\":{\"@id\":\"http:\/\/krysalide.net\/#logo\"}},{\"@type\":\"WebSite\",\"@id\":\"http:\/\/krysalide.net\/#website\",\"url\":\"http:\/\/krysalide.net\/\",\"name\":\"Krysalide - Danse Th\\u00e9rapie Poitiers\",\"description\":\"danse poitiers bien etre therapie Karine Jamet\",\"publisher\":{\"@id\":\"http:\/\/krysalide.net\/#organization\"},\"potentialAction\":[{\"@type\":\"SearchAction\",\"target\":{\"@type\":\"EntryPoint\",\"urlTemplate\":\"http:\/\/krysalide.net\/?s={search_term_string}\"},\"query-input\":\"required name=search_term_string\"}],\"inLanguage\":\"fr-FR\"},{\"@type\":\"ImageObject\",\"@id\":\"http:\/\/krysalide.net\/#primaryimage\",\"inLanguage\":\"fr-FR\",\"url\":\"https:\/\/krysalide.net\/wp-content\/uploads\/2022\/08\/papillon-sabatte.jpg\",\"contentUrl\":\"https:\/\/krysalide.net\/wp-content\/uploads\/2022\/08\/papillon-sabatte.jpg\",\"width\":720,\"height\":360},{\"@type\":\"WebPage\",\"@id\":\"http:\/\/krysalide.net\/#webpage\",\"url\":\"http:\/\/krysalide.net\/\",\"name\":\"Accueil - Krysalide - Danse Th\\u00e9rapie Poitiers\",\"isPartOf\":{\"@id\":\"http:\/\/krysalide.net\/#website\"},\"primaryImageOfPage\":{\"@id\":\"http:\/\/krysalide.net\/#primaryimage\"},\"datePublished\":\"2021-04-12T09:24:10+00:00\",\"dateModified\":\"2025-03-16T16:39:35+00:00\",\"description\":\"Krysalide est le chemin d\\u2019un envol mouvement\\u00e9 accompagn\\u00e9 par Karine Jamet. Krysalide propose un espace temps pour explorer le mouvement, la danse, la vie.\",\"breadcrumb\":{\"@id\":\"http:\/\/krysalide.net\/#breadcrumb\"},\"inLanguage\":\"fr-FR\",\"potentialAction\":[{\"@type\":\"ReadAction\",\"target\":[\"http:\/\/krysalide.net\/\"]}]},{\"@type\":\"BreadcrumbList\",\"@id\":\"http:\/\/krysalide.net\/#breadcrumb\",\"itemListElement\":[{\"@type\":\"ListItem\",\"position\":1,\"name\":\"Accueil\",\"item\":\"http:\/\/krysalide.net\/\"},{\"@type\":\"ListItem\",\"position\":2,\"name\":\"Accueil\"}]}]}<\/script>\n<!-- \/ Yoast SEO plugin. -->","yoast_head_json":{"title":"Accueil - Krysalide - Danse Th\u00e9rapie Poitiers","description":"Krysalide est le chemin d\u2019un envol mouvement\u00e9 accompagn\u00e9 par Karine Jamet. Krysalide propose un espace temps pour explorer le mouvement, la danse, la vie.","robots":{"index":"index","follow":"follow","max-snippet":"max-snippet:-1","max-image-preview":"max-image-preview:large","max-video-preview":"max-video-preview:-1"},"canonical":"http:\/\/krysalide.net\/","og_locale":"fr_FR","og_type":"article","og_title":"Accueil - Krysalide - Danse Th\u00e9rapie Poitiers","og_description":"Krysalide est le chemin d\u2019un envol mouvement\u00e9 accompagn\u00e9 par Karine Jamet. Krysalide propose un espace temps pour explorer le mouvement, la danse, la vie.","og_url":"http:\/\/krysalide.net\/","og_site_name":"Krysalide - Danse Th\u00e9rapie Poitiers","article_modified_time":"2025-03-16T16:39:35+00:00","og_image":[{"width":720,"height":360,"url":"http:\/\/krysalide.net\/wp-content\/uploads\/2022\/08\/papillon-sabatte.jpg","type":"image\/jpeg"}],"twitter_card":"summary_large_image","twitter_misc":{"Dur\u00e9e de lecture est.":"1 minute"},"schema":{"@context":"https:\/\/schema.org","@graph":[{"@type":"Organization","@id":"http:\/\/krysalide.net\/#organization","name":"Krysalide","url":"http:\/\/krysalide.net\/","sameAs":[],"logo":{"@type":"ImageObject","@id":"http:\/\/krysalide.net\/#logo","inLanguage":"fr-FR","url":"http:\/\/krysalide.net\/wp-content\/uploads\/2021\/10\/cropped-logoWeb100-1.png","contentUrl":"http:\/\/krysalide.net\/wp-content\/uploads\/2021\/10\/cropped-logoWeb100-1.png","width":231,"height":100,"caption":"Krysalide"},"image":{"@id":"http:\/\/krysalide.net\/#logo"}},{"@type":"WebSite","@id":"http:\/\/krysalide.net\/#website","url":"http:\/\/krysalide.net\/","name":"Krysalide - Danse Th\u00e9rapie Poitiers","description":"danse poitiers bien etre therapie Karine Jamet","publisher":{"@id":"http:\/\/krysalide.net\/#organization"},"potentialAction":[{"@type":"SearchAction","target":{"@type":"EntryPoint","urlTemplate":"http:\/\/krysalide.net\/?s={search_term_string}"},"query-input":"required name=search_term_string"}],"inLanguage":"fr-FR"},{"@type":"ImageObject","@id":"http:\/\/krysalide.net\/#primaryimage","inLanguage":"fr-FR","url":"https:\/\/krysalide.net\/wp-content\/uploads\/2022\/08\/papillon-sabatte.jpg","contentUrl":"https:\/\/krysalide.net\/wp-content\/uploads\/2022\/08\/papillon-sabatte.jpg","width":720,"height":360},{"@type":"WebPage","@id":"http:\/\/krysalide.net\/#webpage","url":"http:\/\/krysalide.net\/","name":"Accueil - Krysalide - Danse Th\u00e9rapie Poitiers","isPartOf":{"@id":"http:\/\/krysalide.net\/#website"},"primaryImageOfPage":{"@id":"http:\/\/krysalide.net\/#primaryimage"},"datePublished":"2021-04-12T09:24:10+00:00","dateModified":"2025-03-16T16:39:35+00:00","description":"Krysalide est le chemin d\u2019un envol mouvement\u00e9 accompagn\u00e9 par Karine Jamet. Krysalide propose un espace temps pour explorer le mouvement, la danse, la vie.","breadcrumb":{"@id":"http:\/\/krysalide.net\/#breadcrumb"},"inLanguage":"fr-FR","potentialAction":[{"@type":"ReadAction","target":["http:\/\/krysalide.net\/"]}]},{"@type":"BreadcrumbList","@id":"http:\/\/krysalide.net\/#breadcrumb","itemListElement":[{"@type":"ListItem","position":1,"name":"Accueil","item":"http:\/\/krysalide.net\/"},{"@type":"ListItem","position":2,"name":"Accueil"}]}]}},"_links":{"self":[{"href":"https:\/\/krysalide.net\/index.php\/wp-json\/wp\/v2\/pages\/654"}],"collection":[{"href":"https:\/\/krysalide.net\/index.php\/wp-json\/wp\/v2\/pages"}],"about":[{"href":"https:\/\/krysalide.net\/index.php\/wp-json\/wp\/v2\/types\/page"}],"author":[{"embeddable":true,"href":"https:\/\/krysalide.net\/index.php\/wp-json\/wp\/v2\/users\/1"}],"replies":[{"embeddable":true,"href":"https:\/\/krysalide.net\/index.php\/wp-json\/wp\/v2\/comments?post=654"}],"version-history":[{"count":126,"href":"https:\/\/krysalide.net\/index.php\/wp-json\/wp\/v2\/pages\/654\/revisions"}],"predecessor-version":[{"id":3166,"href":"https:\/\/krysalide.net\/index.php\/wp-json\/wp\/v2\/pages\/654\/revisions\/3166"}],"wp:featuredmedia":[{"embeddable":true,"href":"https:\/\/krysalide.net\/index.php\/wp-json\/wp\/v2\/media\/2400"}],"wp:attachment":[{"href":"https:\/\/krysalide.net\/index.php\/wp-json\/wp\/v2\/media?parent=654"}],"curies":[{"name":"wp","href":"https:\/\/api.w.org\/{rel}","templated":true}]}}