{"id":2197,"date":"2022-05-10T09:30:20","date_gmt":"2022-05-10T07:30:20","guid":{"rendered":"http:\/\/krysalide.net\/?page_id=2197"},"modified":"2022-10-03T10:42:45","modified_gmt":"2022-10-03T08:42:45","slug":"towa-et-mowa","status":"publish","type":"page","link":"https:\/\/krysalide.net\/index.php\/towa-et-mowa\/","title":{"rendered":"TOWA et MOWA"},"content":{"rendered":"\t\t<div data-elementor-type=\"wp-page\" data-elementor-id=\"2197\" class=\"elementor elementor-2197\">\n\t\t\t\t\t\t\t\t\t<section class=\"elementor-section elementor-top-section elementor-element elementor-element-9d7545a elementor-section-full_width elementor-section-height-default elementor-section-height-default\" data-id=\"9d7545a\" data-element_type=\"section\">\n\t\t\t\t\t\t<div class=\"elementor-container elementor-column-gap-default\">\n\t\t\t\t\t<div class=\"elementor-column elementor-col-100 elementor-top-column elementor-element elementor-element-e068d3d\" data-id=\"e068d3d\" data-element_type=\"column\">\n\t\t\t<div class=\"elementor-widget-wrap elementor-element-populated\">\n\t\t\t\t\t\t\t\t<section class=\"elementor-section elementor-inner-section elementor-element elementor-element-f0d2e3a elementor-section-boxed elementor-section-height-default elementor-section-height-default\" data-id=\"f0d2e3a\" data-element_type=\"section\">\n\t\t\t\t\t\t<div class=\"elementor-container elementor-column-gap-default\">\n\t\t\t\t\t<div class=\"elementor-column elementor-col-50 elementor-inner-column elementor-element elementor-element-4733233\" data-id=\"4733233\" data-element_type=\"column\">\n\t\t\t<div class=\"elementor-widget-wrap elementor-element-populated\">\n\t\t\t\t\t\t\t\t<div class=\"elementor-element elementor-element-d89197b elementor-widget elementor-widget-image\" data-id=\"d89197b\" data-element_type=\"widget\" data-widget_type=\"image.default\">\n\t\t\t\t<div class=\"elementor-widget-container\">\n\t\t\t\t\t\t\t\t\t\t\t\t\t\t\t\t<a href=\"http:\/\/krysalide.net\/wp-content\/uploads\/2022\/05\/fly-Towa-et-Mowa-photo.jpg\" data-elementor-open-lightbox=\"no\">\n\t\t\t\t\t\t\t<img width=\"910\" height=\"910\" src=\"https:\/\/krysalide.net\/wp-content\/uploads\/2022\/05\/fly-Towa-et-Mowa-photo-1024x1024.jpg\" class=\"attachment-large size-large\" alt=\"\" loading=\"lazy\" srcset=\"https:\/\/krysalide.net\/wp-content\/uploads\/2022\/05\/fly-Towa-et-Mowa-photo-1024x1024.jpg 1024w, https:\/\/krysalide.net\/wp-content\/uploads\/2022\/05\/fly-Towa-et-Mowa-photo-300x300.jpg 300w, https:\/\/krysalide.net\/wp-content\/uploads\/2022\/05\/fly-Towa-et-Mowa-photo-150x150.jpg 150w, https:\/\/krysalide.net\/wp-content\/uploads\/2022\/05\/fly-Towa-et-Mowa-photo-768x768.jpg 768w, https:\/\/krysalide.net\/wp-content\/uploads\/2022\/05\/fly-Towa-et-Mowa-photo-1536x1536.jpg 1536w, https:\/\/krysalide.net\/wp-content\/uploads\/2022\/05\/fly-Towa-et-Mowa-photo.jpg 1653w\" sizes=\"(max-width: 910px) 100vw, 910px\" \/>\t\t\t\t\t\t\t\t<\/a>\n\t\t\t\t\t\t\t\t\t\t\t\t\t\t\t<\/div>\n\t\t\t\t<\/div>\n\t\t\t\t\t<\/div>\n\t\t<\/div>\n\t\t\t\t<div class=\"elementor-column elementor-col-50 elementor-inner-column elementor-element elementor-element-7ca0b8f\" data-id=\"7ca0b8f\" data-element_type=\"column\">\n\t\t\t<div class=\"elementor-widget-wrap elementor-element-populated\">\n\t\t\t\t\t\t\t\t<div class=\"elementor-element elementor-element-d94ea14 elementor-widget elementor-widget-image\" data-id=\"d94ea14\" data-element_type=\"widget\" data-widget_type=\"image.default\">\n\t\t\t\t<div class=\"elementor-widget-container\">\n\t\t\t\t\t\t\t\t\t\t\t\t\t\t\t\t<a href=\"http:\/\/krysalide.net\/wp-content\/uploads\/2022\/05\/fly-Towa-et-Mowa-texte.jpg\" data-elementor-open-lightbox=\"no\">\n\t\t\t\t\t\t\t<img width=\"910\" height=\"910\" src=\"https:\/\/krysalide.net\/wp-content\/uploads\/2022\/05\/fly-Towa-et-Mowa-texte-1024x1024.jpg\" class=\"attachment-large size-large\" alt=\"\" loading=\"lazy\" srcset=\"https:\/\/krysalide.net\/wp-content\/uploads\/2022\/05\/fly-Towa-et-Mowa-texte-1024x1024.jpg 1024w, https:\/\/krysalide.net\/wp-content\/uploads\/2022\/05\/fly-Towa-et-Mowa-texte-300x300.jpg 300w, https:\/\/krysalide.net\/wp-content\/uploads\/2022\/05\/fly-Towa-et-Mowa-texte-150x150.jpg 150w, https:\/\/krysalide.net\/wp-content\/uploads\/2022\/05\/fly-Towa-et-Mowa-texte-768x768.jpg 768w, https:\/\/krysalide.net\/wp-content\/uploads\/2022\/05\/fly-Towa-et-Mowa-texte-1536x1536.jpg 1536w, https:\/\/krysalide.net\/wp-content\/uploads\/2022\/05\/fly-Towa-et-Mowa-texte.jpg 1653w\" sizes=\"(max-width: 910px) 100vw, 910px\" \/>\t\t\t\t\t\t\t\t<\/a>\n\t\t\t\t\t\t\t\t\t\t\t\t\t\t\t<\/div>\n\t\t\t\t<\/div>\n\t\t\t\t\t<\/div>\n\t\t<\/div>\n\t\t\t\t\t\t\t<\/div>\n\t\t<\/section>\n\t\t\t\t\t<\/div>\n\t\t<\/div>\n\t\t\t\t\t\t\t<\/div>\n\t\t<\/section>\n\t\t\t\t<section class=\"elementor-section elementor-top-section elementor-element elementor-element-64d7f4e elementor-section-boxed elementor-section-height-default elementor-section-height-default\" data-id=\"64d7f4e\" data-element_type=\"section\">\n\t\t\t\t\t\t<div class=\"elementor-container elementor-column-gap-default\">\n\t\t\t\t\t<div class=\"elementor-column elementor-col-100 elementor-top-column elementor-element elementor-element-0a92ba5\" data-id=\"0a92ba5\" data-element_type=\"column\">\n\t\t\t<div class=\"elementor-widget-wrap elementor-element-populated\">\n\t\t\t\t\t\t\t\t<div class=\"elementor-element elementor-element-c29979f elementor-widget elementor-widget-heading\" data-id=\"c29979f\" data-element_type=\"widget\" data-widget_type=\"heading.default\">\n\t\t\t\t<div class=\"elementor-widget-container\">\n\t\t\t<h2 class=\"elementor-heading-title elementor-size-default\">D\u00e9couvrez notre Teaser fait \u00e0 la maison<\/h2>\t\t<\/div>\n\t\t\t\t<\/div>\n\t\t\t\t<div class=\"elementor-element elementor-element-ac6088e elementor-widget elementor-widget-html\" data-id=\"ac6088e\" data-element_type=\"widget\" data-widget_type=\"html.default\">\n\t\t\t\t<div class=\"elementor-widget-container\">\n\t\t\t<iframe loading=\"lazy\" title=\"Teaser TOWA &amp; MOWA\" src=\"https:\/\/video.ploud.fr\/videos\/embed\/76355ffb-b982-4d3c-93b3-2f374b85fc76\" allowfullscreen=\"\" sandbox=\"allow-same-origin allow-scripts allow-popups\" width=\"560\" height=\"400\" frameborder=\"0\"><\/iframe>\t\t<\/div>\n\t\t\t\t<\/div>\n\t\t\t\t\t<\/div>\n\t\t<\/div>\n\t\t\t\t\t\t\t<\/div>\n\t\t<\/section>\n\t\t\t\t<section class=\"elementor-section elementor-top-section elementor-element elementor-element-093bb50 elementor-section-boxed elementor-section-height-default elementor-section-height-default\" data-id=\"093bb50\" data-element_type=\"section\">\n\t\t\t\t\t\t<div class=\"elementor-container elementor-column-gap-default\">\n\t\t\t\t\t<div class=\"elementor-column elementor-col-100 elementor-top-column elementor-element elementor-element-23be0b9\" data-id=\"23be0b9\" data-element_type=\"column\">\n\t\t\t<div class=\"elementor-widget-wrap elementor-element-populated\">\n\t\t\t\t\t\t\t\t<div class=\"elementor-element elementor-element-6285aea elementor-widget elementor-widget-heading\" data-id=\"6285aea\" data-element_type=\"widget\" data-widget_type=\"heading.default\">\n\t\t\t\t<div class=\"elementor-widget-container\">\n\t\t\t<h2 class=\"elementor-heading-title elementor-size-default\">Quelques photos du spectacle<\/h2>\t\t<\/div>\n\t\t\t\t<\/div>\n\t\t\t\t<div class=\"elementor-element elementor-element-8ec9e2c elementor-widget elementor-widget-shortcode\" data-id=\"8ec9e2c\" data-element_type=\"widget\" data-widget_type=\"shortcode.default\">\n\t\t\t\t<div class=\"elementor-widget-container\">\n\t\t\t\t\t<div class=\"elementor-shortcode\"><style type=\"text\/css\">\r\n\t#foogallery-gallery-2207 .fg-image {\r\n        width: 150px;\r\n    }\r\n<\/style>\r\n\t\t\t\t<div class=\"foogallery foogallery-container foogallery-default foogallery-lightbox-foobox fg-gutter-10 fg-center fg-default fg-light fg-border-thin fg-shadow-outline fg-loading-default fg-loaded-fade-in fg-caption-hover fg-hover-fade fg-hover-zoom fg-ready\" id=\"foogallery-gallery-2207\" data-foogallery=\"{&quot;item&quot;:{&quot;showCaptionTitle&quot;:true,&quot;showCaptionDescription&quot;:true},&quot;lazy&quot;:true}\" >\r\n\t<div class=\"fg-item fg-type-image fg-idle\"><figure class=\"fg-item-inner\"><a href=\"https:\/\/krysalide.net\/wp-content\/uploads\/2022\/07\/Simon-11.jpeg\" data-attachment-id=\"2208\" class=\"fg-thumb\"><span class=\"fg-image-wrap\"><img loading=\"lazy\" width=\"150\" height=\"150\" class=\"skip-lazy fg-image\" data-src-fg=\"https:\/\/krysalide.net\/wp-content\/uploads\/cache\/2022\/07\/Simon-11\/-1126653718.jpeg\" src=\"data:image\/svg+xml,%3Csvg%20xmlns%3D%22http%3A%2F%2Fwww.w3.org%2F2000%2Fsvg%22%20width%3D%22150%22%20height%3D%22150%22%20viewBox%3D%220%200%20150%20150%22%3E%3C%2Fsvg%3E\"><\/span><span class=\"fg-image-overlay\"><\/span><\/a><figcaption class=\"fg-caption\"><div class=\"fg-caption-inner\"><\/div><\/figcaption><\/figure><div class=\"fg-loader\"><\/div><\/div><div class=\"fg-item fg-type-image fg-idle\"><figure class=\"fg-item-inner\"><a href=\"https:\/\/krysalide.net\/wp-content\/uploads\/2022\/07\/Simon-14.jpeg\" data-attachment-id=\"2209\" class=\"fg-thumb\"><span class=\"fg-image-wrap\"><img loading=\"lazy\" width=\"150\" height=\"150\" class=\"skip-lazy fg-image\" data-src-fg=\"https:\/\/krysalide.net\/wp-content\/uploads\/cache\/2022\/07\/Simon-14\/354147909.jpeg\" src=\"data:image\/svg+xml,%3Csvg%20xmlns%3D%22http%3A%2F%2Fwww.w3.org%2F2000%2Fsvg%22%20width%3D%22150%22%20height%3D%22150%22%20viewBox%3D%220%200%20150%20150%22%3E%3C%2Fsvg%3E\"><\/span><span class=\"fg-image-overlay\"><\/span><\/a><figcaption class=\"fg-caption\"><div class=\"fg-caption-inner\"><\/div><\/figcaption><\/figure><div class=\"fg-loader\"><\/div><\/div><div class=\"fg-item fg-type-image fg-idle\"><figure class=\"fg-item-inner\"><a href=\"https:\/\/krysalide.net\/wp-content\/uploads\/2022\/07\/Simon-16.jpeg\" data-attachment-id=\"2210\" class=\"fg-thumb\"><span class=\"fg-image-wrap\"><img loading=\"lazy\" width=\"150\" height=\"150\" class=\"skip-lazy fg-image\" data-src-fg=\"https:\/\/krysalide.net\/wp-content\/uploads\/cache\/2022\/07\/Simon-16\/255180132.jpeg\" src=\"data:image\/svg+xml,%3Csvg%20xmlns%3D%22http%3A%2F%2Fwww.w3.org%2F2000%2Fsvg%22%20width%3D%22150%22%20height%3D%22150%22%20viewBox%3D%220%200%20150%20150%22%3E%3C%2Fsvg%3E\"><\/span><span class=\"fg-image-overlay\"><\/span><\/a><figcaption class=\"fg-caption\"><div class=\"fg-caption-inner\"><\/div><\/figcaption><\/figure><div class=\"fg-loader\"><\/div><\/div><div class=\"fg-item fg-type-image fg-idle\"><figure class=\"fg-item-inner\"><a href=\"https:\/\/krysalide.net\/wp-content\/uploads\/2022\/07\/Simon-37.jpeg\" data-attachment-id=\"2211\" class=\"fg-thumb\"><span class=\"fg-image-wrap\"><img loading=\"lazy\" width=\"150\" height=\"150\" class=\"skip-lazy fg-image\" data-src-fg=\"https:\/\/krysalide.net\/wp-content\/uploads\/cache\/2022\/07\/Simon-37\/-1096966.jpeg\" src=\"data:image\/svg+xml,%3Csvg%20xmlns%3D%22http%3A%2F%2Fwww.w3.org%2F2000%2Fsvg%22%20width%3D%22150%22%20height%3D%22150%22%20viewBox%3D%220%200%20150%20150%22%3E%3C%2Fsvg%3E\"><\/span><span class=\"fg-image-overlay\"><\/span><\/a><figcaption class=\"fg-caption\"><div class=\"fg-caption-inner\"><\/div><\/figcaption><\/figure><div class=\"fg-loader\"><\/div><\/div><div class=\"fg-item fg-type-image fg-idle\"><figure class=\"fg-item-inner\"><a href=\"https:\/\/krysalide.net\/wp-content\/uploads\/2022\/07\/TOWAMOWA_2.jpeg\" data-attachment-id=\"2212\" class=\"fg-thumb\"><span class=\"fg-image-wrap\"><img loading=\"lazy\" width=\"150\" height=\"150\" class=\"skip-lazy fg-image\" data-src-fg=\"https:\/\/krysalide.net\/wp-content\/uploads\/cache\/2022\/07\/TOWAMOWA_2\/1070545422.jpeg\" src=\"data:image\/svg+xml,%3Csvg%20xmlns%3D%22http%3A%2F%2Fwww.w3.org%2F2000%2Fsvg%22%20width%3D%22150%22%20height%3D%22150%22%20viewBox%3D%220%200%20150%20150%22%3E%3C%2Fsvg%3E\"><\/span><span class=\"fg-image-overlay\"><\/span><\/a><figcaption class=\"fg-caption\"><div class=\"fg-caption-inner\"><\/div><\/figcaption><\/figure><div class=\"fg-loader\"><\/div><\/div><div class=\"fg-item fg-type-image fg-idle\"><figure class=\"fg-item-inner\"><a href=\"https:\/\/krysalide.net\/wp-content\/uploads\/2022\/07\/TOWAMOWA_3.jpeg\" data-attachment-id=\"2213\" class=\"fg-thumb\"><span class=\"fg-image-wrap\"><img loading=\"lazy\" width=\"150\" height=\"150\" class=\"skip-lazy fg-image\" data-src-fg=\"https:\/\/krysalide.net\/wp-content\/uploads\/cache\/2022\/07\/TOWAMOWA_3\/-943597615.jpeg\" src=\"data:image\/svg+xml,%3Csvg%20xmlns%3D%22http%3A%2F%2Fwww.w3.org%2F2000%2Fsvg%22%20width%3D%22150%22%20height%3D%22150%22%20viewBox%3D%220%200%20150%20150%22%3E%3C%2Fsvg%3E\"><\/span><span class=\"fg-image-overlay\"><\/span><\/a><figcaption class=\"fg-caption\"><div class=\"fg-caption-inner\"><\/div><\/figcaption><\/figure><div class=\"fg-loader\"><\/div><\/div><div class=\"fg-item fg-type-image fg-idle\"><figure class=\"fg-item-inner\"><a href=\"https:\/\/krysalide.net\/wp-content\/uploads\/2022\/07\/TOWAMOWA-1.jpeg\" data-attachment-id=\"2214\" class=\"fg-thumb\"><span class=\"fg-image-wrap\"><img loading=\"lazy\" width=\"150\" height=\"150\" class=\"skip-lazy fg-image\" data-src-fg=\"https:\/\/krysalide.net\/wp-content\/uploads\/cache\/2022\/07\/TOWAMOWA-1\/-95335195.jpeg\" src=\"data:image\/svg+xml,%3Csvg%20xmlns%3D%22http%3A%2F%2Fwww.w3.org%2F2000%2Fsvg%22%20width%3D%22150%22%20height%3D%22150%22%20viewBox%3D%220%200%20150%20150%22%3E%3C%2Fsvg%3E\"><\/span><span class=\"fg-image-overlay\"><\/span><\/a><figcaption class=\"fg-caption\"><div class=\"fg-caption-inner\"><\/div><\/figcaption><\/figure><div class=\"fg-loader\"><\/div><\/div><\/div>\r\n<\/div>\n\t\t\t\t<\/div>\n\t\t\t\t<\/div>\n\t\t\t\t\t<\/div>\n\t\t<\/div>\n\t\t\t\t\t\t\t<\/div>\n\t\t<\/section>\n\t\t\t\t<section class=\"elementor-section elementor-top-section elementor-element elementor-element-77d062e elementor-section-boxed elementor-section-height-default elementor-section-height-default\" data-id=\"77d062e\" data-element_type=\"section\">\n\t\t\t\t\t\t<div class=\"elementor-container elementor-column-gap-default\">\n\t\t\t\t\t<div class=\"elementor-column elementor-col-100 elementor-top-column elementor-element elementor-element-8f7c8be\" data-id=\"8f7c8be\" data-element_type=\"column\">\n\t\t\t<div class=\"elementor-widget-wrap elementor-element-populated\">\n\t\t\t\t\t\t\t\t<div class=\"elementor-element elementor-element-c8a70d8 elementor-widget elementor-widget-spacer\" data-id=\"c8a70d8\" data-element_type=\"widget\" data-widget_type=\"spacer.default\">\n\t\t\t\t<div class=\"elementor-widget-container\">\n\t\t\t\t\t<div class=\"elementor-spacer\">\n\t\t\t<div class=\"elementor-spacer-inner\"><\/div>\n\t\t<\/div>\n\t\t\t\t<\/div>\n\t\t\t\t<\/div>\n\t\t\t\t\t<\/div>\n\t\t<\/div>\n\t\t\t\t\t\t\t<\/div>\n\t\t<\/section>\n\t\t\t\t<section class=\"elementor-section elementor-top-section elementor-element elementor-element-0db8410 elementor-section-boxed elementor-section-height-default elementor-section-height-default\" data-id=\"0db8410\" data-element_type=\"section\">\n\t\t\t\t\t\t<div class=\"elementor-container elementor-column-gap-default\">\n\t\t\t\t\t<div class=\"elementor-column elementor-col-100 elementor-top-column elementor-element elementor-element-0ad9316\" data-id=\"0ad9316\" data-element_type=\"column\">\n\t\t\t<div class=\"elementor-widget-wrap elementor-element-populated\">\n\t\t\t\t\t\t\t\t<div class=\"elementor-element elementor-element-7ffdc39 elementor-widget elementor-widget-heading\" data-id=\"7ffdc39\" data-element_type=\"widget\" data-widget_type=\"heading.default\">\n\t\t\t\t<div class=\"elementor-widget-container\">\n\t\t\t<h2 class=\"elementor-heading-title elementor-size-default\">Documents \u00e0 t\u00e9l\u00e9charger<\/h2>\t\t<\/div>\n\t\t\t\t<\/div>\n\t\t\t\t<section class=\"elementor-section elementor-inner-section elementor-element elementor-element-be3704c elementor-section-boxed elementor-section-height-default elementor-section-height-default\" data-id=\"be3704c\" data-element_type=\"section\">\n\t\t\t\t\t\t<div class=\"elementor-container elementor-column-gap-default\">\n\t\t\t\t\t<div class=\"elementor-column elementor-col-50 elementor-inner-column elementor-element elementor-element-ec86c20\" data-id=\"ec86c20\" data-element_type=\"column\">\n\t\t\t<div class=\"elementor-widget-wrap elementor-element-populated\">\n\t\t\t\t\t\t\t\t<div class=\"elementor-element elementor-element-dc95094 elementor-widget elementor-widget-text-editor\" data-id=\"dc95094\" data-element_type=\"widget\" data-widget_type=\"text-editor.default\">\n\t\t\t\t<div class=\"elementor-widget-container\">\n\t\t\t\t\t\t\t<p style=\"text-align: center;\"><a href=\"http:\/\/krysalide.net\/wp-content\/uploads\/2022\/07\/TOWA-et-MOWA_besoinstechniques.pdf\" target=\"_blank\" rel=\"noopener\">Fiche technique<\/a><\/p>\t\t\t\t\t\t<\/div>\n\t\t\t\t<\/div>\n\t\t\t\t\t<\/div>\n\t\t<\/div>\n\t\t\t\t<div class=\"elementor-column elementor-col-50 elementor-inner-column elementor-element elementor-element-2c9e768\" data-id=\"2c9e768\" data-element_type=\"column\">\n\t\t\t<div class=\"elementor-widget-wrap elementor-element-populated\">\n\t\t\t\t\t\t\t\t<div class=\"elementor-element elementor-element-d0a7533 elementor-widget elementor-widget-text-editor\" data-id=\"d0a7533\" data-element_type=\"widget\" data-widget_type=\"text-editor.default\">\n\t\t\t\t<div class=\"elementor-widget-container\">\n\t\t\t\t\t\t\t<p style=\"text-align: center;\"><a href=\"http:\/\/krysalide.net\/wp-content\/uploads\/2022\/07\/Ateliers-Mediation-Musique-danse-.pdf\" target=\"_blank\" rel=\"noopener\">Ateliers Mediation Musique danse<\/a><\/p>\t\t\t\t\t\t<\/div>\n\t\t\t\t<\/div>\n\t\t\t\t\t<\/div>\n\t\t<\/div>\n\t\t\t\t\t\t\t<\/div>\n\t\t<\/section>\n\t\t\t\t\t<\/div>\n\t\t<\/div>\n\t\t\t\t\t\t\t<\/div>\n\t\t<\/section>\n\t\t\t\t\t\t\t<\/div>\n\t\t","protected":false},"excerpt":{"rendered":"<p>D\u00e9couvrez notre Teaser fait \u00e0 la maison Quelques photos du spectacle Documents \u00e0 t\u00e9l\u00e9charger Fiche technique Ateliers Mediation Musique danse<\/p>\n","protected":false},"author":1,"featured_media":0,"parent":0,"menu_order":0,"comment_status":"closed","ping_status":"closed","template":"elementor_header_footer","meta":[],"yoast_head":"<!-- This site is optimized with the Yoast SEO plugin v17.4 - https:\/\/yoast.com\/wordpress\/plugins\/seo\/ -->\n<title>TOWA et MOWA - Krysalide - Danse Th\u00e9rapie Poitiers<\/title>\n<meta name=\"robots\" content=\"index, follow, max-snippet:-1, max-image-preview:large, max-video-preview:-1\" \/>\n<link rel=\"canonical\" href=\"https:\/\/krysalide.net\/index.php\/towa-et-mowa\/\" \/>\n<meta property=\"og:locale\" content=\"fr_FR\" \/>\n<meta property=\"og:type\" content=\"article\" \/>\n<meta property=\"og:title\" content=\"TOWA et MOWA - Krysalide - Danse Th\u00e9rapie Poitiers\" \/>\n<meta property=\"og:description\" content=\"D\u00e9couvrez notre Teaser fait \u00e0 la maison Quelques photos du spectacle Documents \u00e0 t\u00e9l\u00e9charger Fiche technique Ateliers Mediation Musique danse\" \/>\n<meta property=\"og:url\" content=\"https:\/\/krysalide.net\/index.php\/towa-et-mowa\/\" \/>\n<meta property=\"og:site_name\" content=\"Krysalide - Danse Th\u00e9rapie Poitiers\" \/>\n<meta property=\"article:modified_time\" content=\"2022-10-03T08:42:45+00:00\" \/>\n<meta property=\"og:image\" content=\"http:\/\/krysalide.net\/wp-content\/uploads\/2022\/05\/fly-Towa-et-Mowa-photo-1024x1024.jpg\" \/>\n<meta name=\"twitter:card\" content=\"summary_large_image\" \/>\n<meta name=\"twitter:label1\" content=\"Dur\u00e9e de lecture est.\" \/>\n\t<meta name=\"twitter:data1\" content=\"2 minutes\" \/>\n<script type=\"application\/ld+json\" class=\"yoast-schema-graph\">{\"@context\":\"https:\/\/schema.org\",\"@graph\":[{\"@type\":\"Organization\",\"@id\":\"http:\/\/krysalide.net\/#organization\",\"name\":\"Krysalide\",\"url\":\"http:\/\/krysalide.net\/\",\"sameAs\":[],\"logo\":{\"@type\":\"ImageObject\",\"@id\":\"http:\/\/krysalide.net\/#logo\",\"inLanguage\":\"fr-FR\",\"url\":\"http:\/\/krysalide.net\/wp-content\/uploads\/2021\/10\/cropped-logoWeb100-1.png\",\"contentUrl\":\"http:\/\/krysalide.net\/wp-content\/uploads\/2021\/10\/cropped-logoWeb100-1.png\",\"width\":231,\"height\":100,\"caption\":\"Krysalide\"},\"image\":{\"@id\":\"http:\/\/krysalide.net\/#logo\"}},{\"@type\":\"WebSite\",\"@id\":\"http:\/\/krysalide.net\/#website\",\"url\":\"http:\/\/krysalide.net\/\",\"name\":\"Krysalide - Danse Th\\u00e9rapie Poitiers\",\"description\":\"danse poitiers bien etre therapie Karine Jamet\",\"publisher\":{\"@id\":\"http:\/\/krysalide.net\/#organization\"},\"potentialAction\":[{\"@type\":\"SearchAction\",\"target\":{\"@type\":\"EntryPoint\",\"urlTemplate\":\"http:\/\/krysalide.net\/?s={search_term_string}\"},\"query-input\":\"required name=search_term_string\"}],\"inLanguage\":\"fr-FR\"},{\"@type\":\"ImageObject\",\"@id\":\"https:\/\/krysalide.net\/index.php\/towa-et-mowa\/#primaryimage\",\"inLanguage\":\"fr-FR\",\"url\":\"http:\/\/krysalide.net\/wp-content\/uploads\/2022\/05\/fly-Towa-et-Mowa-photo-1024x1024.jpg\",\"contentUrl\":\"http:\/\/krysalide.net\/wp-content\/uploads\/2022\/05\/fly-Towa-et-Mowa-photo-1024x1024.jpg\"},{\"@type\":\"WebPage\",\"@id\":\"https:\/\/krysalide.net\/index.php\/towa-et-mowa\/#webpage\",\"url\":\"https:\/\/krysalide.net\/index.php\/towa-et-mowa\/\",\"name\":\"TOWA et MOWA - Krysalide - Danse Th\\u00e9rapie Poitiers\",\"isPartOf\":{\"@id\":\"http:\/\/krysalide.net\/#website\"},\"primaryImageOfPage\":{\"@id\":\"https:\/\/krysalide.net\/index.php\/towa-et-mowa\/#primaryimage\"},\"datePublished\":\"2022-05-10T07:30:20+00:00\",\"dateModified\":\"2022-10-03T08:42:45+00:00\",\"breadcrumb\":{\"@id\":\"https:\/\/krysalide.net\/index.php\/towa-et-mowa\/#breadcrumb\"},\"inLanguage\":\"fr-FR\",\"potentialAction\":[{\"@type\":\"ReadAction\",\"target\":[\"https:\/\/krysalide.net\/index.php\/towa-et-mowa\/\"]}]},{\"@type\":\"BreadcrumbList\",\"@id\":\"https:\/\/krysalide.net\/index.php\/towa-et-mowa\/#breadcrumb\",\"itemListElement\":[{\"@type\":\"ListItem\",\"position\":1,\"name\":\"Accueil\",\"item\":\"http:\/\/krysalide.net\/\"},{\"@type\":\"ListItem\",\"position\":2,\"name\":\"TOWA et MOWA\"}]}]}<\/script>\n<!-- \/ Yoast SEO plugin. -->","yoast_head_json":{"title":"TOWA et MOWA - Krysalide - Danse Th\u00e9rapie Poitiers","robots":{"index":"index","follow":"follow","max-snippet":"max-snippet:-1","max-image-preview":"max-image-preview:large","max-video-preview":"max-video-preview:-1"},"canonical":"https:\/\/krysalide.net\/index.php\/towa-et-mowa\/","og_locale":"fr_FR","og_type":"article","og_title":"TOWA et MOWA - Krysalide - Danse Th\u00e9rapie Poitiers","og_description":"D\u00e9couvrez notre Teaser fait \u00e0 la maison Quelques photos du spectacle Documents \u00e0 t\u00e9l\u00e9charger Fiche technique Ateliers Mediation Musique danse","og_url":"https:\/\/krysalide.net\/index.php\/towa-et-mowa\/","og_site_name":"Krysalide - Danse Th\u00e9rapie Poitiers","article_modified_time":"2022-10-03T08:42:45+00:00","og_image":[{"url":"http:\/\/krysalide.net\/wp-content\/uploads\/2022\/05\/fly-Towa-et-Mowa-photo-1024x1024.jpg"}],"twitter_card":"summary_large_image","twitter_misc":{"Dur\u00e9e de lecture est.":"2 minutes"},"schema":{"@context":"https:\/\/schema.org","@graph":[{"@type":"Organization","@id":"http:\/\/krysalide.net\/#organization","name":"Krysalide","url":"http:\/\/krysalide.net\/","sameAs":[],"logo":{"@type":"ImageObject","@id":"http:\/\/krysalide.net\/#logo","inLanguage":"fr-FR","url":"http:\/\/krysalide.net\/wp-content\/uploads\/2021\/10\/cropped-logoWeb100-1.png","contentUrl":"http:\/\/krysalide.net\/wp-content\/uploads\/2021\/10\/cropped-logoWeb100-1.png","width":231,"height":100,"caption":"Krysalide"},"image":{"@id":"http:\/\/krysalide.net\/#logo"}},{"@type":"WebSite","@id":"http:\/\/krysalide.net\/#website","url":"http:\/\/krysalide.net\/","name":"Krysalide - Danse Th\u00e9rapie Poitiers","description":"danse poitiers bien etre therapie Karine Jamet","publisher":{"@id":"http:\/\/krysalide.net\/#organization"},"potentialAction":[{"@type":"SearchAction","target":{"@type":"EntryPoint","urlTemplate":"http:\/\/krysalide.net\/?s={search_term_string}"},"query-input":"required name=search_term_string"}],"inLanguage":"fr-FR"},{"@type":"ImageObject","@id":"https:\/\/krysalide.net\/index.php\/towa-et-mowa\/#primaryimage","inLanguage":"fr-FR","url":"http:\/\/krysalide.net\/wp-content\/uploads\/2022\/05\/fly-Towa-et-Mowa-photo-1024x1024.jpg","contentUrl":"http:\/\/krysalide.net\/wp-content\/uploads\/2022\/05\/fly-Towa-et-Mowa-photo-1024x1024.jpg"},{"@type":"WebPage","@id":"https:\/\/krysalide.net\/index.php\/towa-et-mowa\/#webpage","url":"https:\/\/krysalide.net\/index.php\/towa-et-mowa\/","name":"TOWA et MOWA - Krysalide - Danse Th\u00e9rapie Poitiers","isPartOf":{"@id":"http:\/\/krysalide.net\/#website"},"primaryImageOfPage":{"@id":"https:\/\/krysalide.net\/index.php\/towa-et-mowa\/#primaryimage"},"datePublished":"2022-05-10T07:30:20+00:00","dateModified":"2022-10-03T08:42:45+00:00","breadcrumb":{"@id":"https:\/\/krysalide.net\/index.php\/towa-et-mowa\/#breadcrumb"},"inLanguage":"fr-FR","potentialAction":[{"@type":"ReadAction","target":["https:\/\/krysalide.net\/index.php\/towa-et-mowa\/"]}]},{"@type":"BreadcrumbList","@id":"https:\/\/krysalide.net\/index.php\/towa-et-mowa\/#breadcrumb","itemListElement":[{"@type":"ListItem","position":1,"name":"Accueil","item":"http:\/\/krysalide.net\/"},{"@type":"ListItem","position":2,"name":"TOWA et MOWA"}]}]}},"_links":{"self":[{"href":"https:\/\/krysalide.net\/index.php\/wp-json\/wp\/v2\/pages\/2197"}],"collection":[{"href":"https:\/\/krysalide.net\/index.php\/wp-json\/wp\/v2\/pages"}],"about":[{"href":"https:\/\/krysalide.net\/index.php\/wp-json\/wp\/v2\/types\/page"}],"author":[{"embeddable":true,"href":"https:\/\/krysalide.net\/index.php\/wp-json\/wp\/v2\/users\/1"}],"replies":[{"embeddable":true,"href":"https:\/\/krysalide.net\/index.php\/wp-json\/wp\/v2\/comments?post=2197"}],"version-history":[{"count":32,"href":"https:\/\/krysalide.net\/index.php\/wp-json\/wp\/v2\/pages\/2197\/revisions"}],"predecessor-version":[{"id":2456,"href":"https:\/\/krysalide.net\/index.php\/wp-json\/wp\/v2\/pages\/2197\/revisions\/2456"}],"wp:attachment":[{"href":"https:\/\/krysalide.net\/index.php\/wp-json\/wp\/v2\/media?parent=2197"}],"curies":[{"name":"wp","href":"https:\/\/api.w.org\/{rel}","templated":true}]}}